{"id":372,"date":"2019-12-06T19:50:32","date_gmt":"2019-12-06T18:50:32","guid":{"rendered":"https:\/\/ferrersenabre.com\/isabel\/?page_id=372"},"modified":"2021-10-20T09:17:40","modified_gmt":"2021-10-20T07:17:40","slug":"contacte","status":"publish","type":"page","link":"https:\/\/ferrersenabre.com\/isabel\/contacte\/","title":{"rendered":"Contacte"},"content":{"rendered":"\n<p>Si teniu cap suggeriment, proposta, dubte o comentari, podeu escriure&#8217;m per correu electr\u00f2nic: <strong>isabel@ferrersenabre.com<\/strong><\/p>\n\n\n\n<p><\/p>\n\n\n\n<p>Tamb\u00e9 em trobareu a les xarxes socials: <a href=\"https:\/\/twitter.com\/Isferrer\">Twitter<\/a>, <a href=\"https:\/\/www.instagram.com\/isferrer\/\">Instagram <\/a>i <a href=\"https:\/\/www.facebook.com\/isabel.ferrersenabre\">Facebook<\/a>.<\/p>\n\n\n\n<p><\/p>\n","protected":false},"excerpt":{"rendered":"<p>Si teniu cap suggeriment, proposta, dubte o comentari, podeu escriure&#8217;m per correu electr\u00f2nic: isabel@ferrersenabre.com Tamb\u00e9 em trobareu a les xarxes &hellip; <a class=\"more-link\" href=\"https:\/\/ferrersenabre.com\/isabel\/contacte\/\">M\u00e9s<\/a><\/p>\n","protected":false},"author":1,"featured_media":0,"parent":0,"menu_order":0,"comment_status":"closed","ping_status":"closed","template":"","meta":{"jetpack_post_was_ever_published":false,"footnotes":""},"class_list":["post-372","page","type-page","status-publish","hentry",""],"yoast_head":"<!-- This site is optimized with the Yoast SEO plugin v27.5 - https:\/\/yoast.com\/product\/yoast-seo-wordpress\/ -->\n<title>Contacte - Isabel Ferrer Senabre<\/title>\n<meta name=\"robots\" content=\"index, follow, max-snippet:-1, max-image-preview:large, max-video-preview:-1\" \/>\n<link rel=\"canonical\" href=\"https:\/\/ferrersenabre.com\/isabel\/contacte\/\" \/>\n<meta property=\"og:locale\" content=\"ca_ES\" \/>\n<meta property=\"og:type\" content=\"article\" \/>\n<meta property=\"og:title\" content=\"Contacte - Isabel Ferrer Senabre\" \/>\n<meta property=\"og:description\" content=\"Si teniu cap suggeriment, proposta, dubte o comentari, podeu escriure&#8217;m per correu electr\u00f2nic: isabel@ferrersenabre.com Tamb\u00e9 em trobareu a les xarxes &hellip; M\u00e9s\" \/>\n<meta property=\"og:url\" content=\"https:\/\/ferrersenabre.com\/isabel\/contacte\/\" \/>\n<meta property=\"og:site_name\" content=\"Isabel Ferrer Senabre\" \/>\n<meta property=\"article:modified_time\" content=\"2021-10-20T07:17:40+00:00\" \/>\n<meta name=\"twitter:card\" content=\"summary_large_image\" \/>\n<meta name=\"twitter:label1\" content=\"Temps estimat de lectura\" \/>\n\t<meta name=\"twitter:data1\" content=\"1 minut\" \/>\n<script type=\"application\/ld+json\" class=\"yoast-schema-graph\">{\"@context\":\"https:\\\/\\\/schema.org\",\"@graph\":[{\"@type\":\"WebPage\",\"@id\":\"https:\\\/\\\/ferrersenabre.com\\\/isabel\\\/contacte\\\/\",\"url\":\"https:\\\/\\\/ferrersenabre.com\\\/isabel\\\/contacte\\\/\",\"name\":\"Contacte - Isabel Ferrer Senabre\",\"isPartOf\":{\"@id\":\"https:\\\/\\\/ferrersenabre.com\\\/isabel\\\/#website\"},\"datePublished\":\"2019-12-06T18:50:32+00:00\",\"dateModified\":\"2021-10-20T07:17:40+00:00\",\"breadcrumb\":{\"@id\":\"https:\\\/\\\/ferrersenabre.com\\\/isabel\\\/contacte\\\/#breadcrumb\"},\"inLanguage\":\"ca\",\"potentialAction\":[{\"@type\":\"ReadAction\",\"target\":[\"https:\\\/\\\/ferrersenabre.com\\\/isabel\\\/contacte\\\/\"]}]},{\"@type\":\"BreadcrumbList\",\"@id\":\"https:\\\/\\\/ferrersenabre.com\\\/isabel\\\/contacte\\\/#breadcrumb\",\"itemListElement\":[{\"@type\":\"ListItem\",\"position\":1,\"name\":\"Inici\",\"item\":\"https:\\\/\\\/ferrersenabre.com\\\/isabel\\\/\"},{\"@type\":\"ListItem\",\"position\":2,\"name\":\"Contacte\"}]},{\"@type\":\"WebSite\",\"@id\":\"https:\\\/\\\/ferrersenabre.com\\\/isabel\\\/#website\",\"url\":\"https:\\\/\\\/ferrersenabre.com\\\/isabel\\\/\",\"name\":\"Isabel Ferrer Senabre\",\"description\":\"Music\u00f2loga\",\"publisher\":{\"@id\":\"https:\\\/\\\/ferrersenabre.com\\\/isabel\\\/#\\\/schema\\\/person\\\/457531cb41fc01c1b6676c978e0dda6a\"},\"potentialAction\":[{\"@type\":\"SearchAction\",\"target\":{\"@type\":\"EntryPoint\",\"urlTemplate\":\"https:\\\/\\\/ferrersenabre.com\\\/isabel\\\/?s={search_term_string}\"},\"query-input\":{\"@type\":\"PropertyValueSpecification\",\"valueRequired\":true,\"valueName\":\"search_term_string\"}}],\"inLanguage\":\"ca\"},{\"@type\":[\"Person\",\"Organization\"],\"@id\":\"https:\\\/\\\/ferrersenabre.com\\\/isabel\\\/#\\\/schema\\\/person\\\/457531cb41fc01c1b6676c978e0dda6a\",\"name\":\"isabel\",\"image\":{\"@type\":\"ImageObject\",\"inLanguage\":\"ca\",\"@id\":\"https:\\\/\\\/secure.gravatar.com\\\/avatar\\\/36088a98412757fa80f5ec755699904dc651bf39967c68e42d1c3a10675ae5ca?s=96&d=mm&r=g\",\"url\":\"https:\\\/\\\/secure.gravatar.com\\\/avatar\\\/36088a98412757fa80f5ec755699904dc651bf39967c68e42d1c3a10675ae5ca?s=96&d=mm&r=g\",\"contentUrl\":\"https:\\\/\\\/secure.gravatar.com\\\/avatar\\\/36088a98412757fa80f5ec755699904dc651bf39967c68e42d1c3a10675ae5ca?s=96&d=mm&r=g\",\"caption\":\"isabel\"},\"logo\":{\"@id\":\"https:\\\/\\\/secure.gravatar.com\\\/avatar\\\/36088a98412757fa80f5ec755699904dc651bf39967c68e42d1c3a10675ae5ca?s=96&d=mm&r=g\"}}]}<\/script>\n<!-- \/ Yoast SEO plugin. -->","yoast_head_json":{"title":"Contacte - Isabel Ferrer Senabre","robots":{"index":"index","follow":"follow","max-snippet":"max-snippet:-1","max-image-preview":"max-image-preview:large","max-video-preview":"max-video-preview:-1"},"canonical":"https:\/\/ferrersenabre.com\/isabel\/contacte\/","og_locale":"ca_ES","og_type":"article","og_title":"Contacte - Isabel Ferrer Senabre","og_description":"Si teniu cap suggeriment, proposta, dubte o comentari, podeu escriure&#8217;m per correu electr\u00f2nic: isabel@ferrersenabre.com Tamb\u00e9 em trobareu a les xarxes &hellip; M\u00e9s","og_url":"https:\/\/ferrersenabre.com\/isabel\/contacte\/","og_site_name":"Isabel Ferrer Senabre","article_modified_time":"2021-10-20T07:17:40+00:00","twitter_card":"summary_large_image","twitter_misc":{"Temps estimat de lectura":"1 minut"},"schema":{"@context":"https:\/\/schema.org","@graph":[{"@type":"WebPage","@id":"https:\/\/ferrersenabre.com\/isabel\/contacte\/","url":"https:\/\/ferrersenabre.com\/isabel\/contacte\/","name":"Contacte - Isabel Ferrer Senabre","isPartOf":{"@id":"https:\/\/ferrersenabre.com\/isabel\/#website"},"datePublished":"2019-12-06T18:50:32+00:00","dateModified":"2021-10-20T07:17:40+00:00","breadcrumb":{"@id":"https:\/\/ferrersenabre.com\/isabel\/contacte\/#breadcrumb"},"inLanguage":"ca","potentialAction":[{"@type":"ReadAction","target":["https:\/\/ferrersenabre.com\/isabel\/contacte\/"]}]},{"@type":"BreadcrumbList","@id":"https:\/\/ferrersenabre.com\/isabel\/contacte\/#breadcrumb","itemListElement":[{"@type":"ListItem","position":1,"name":"Inici","item":"https:\/\/ferrersenabre.com\/isabel\/"},{"@type":"ListItem","position":2,"name":"Contacte"}]},{"@type":"WebSite","@id":"https:\/\/ferrersenabre.com\/isabel\/#website","url":"https:\/\/ferrersenabre.com\/isabel\/","name":"Isabel Ferrer Senabre","description":"Music\u00f2loga","publisher":{"@id":"https:\/\/ferrersenabre.com\/isabel\/#\/schema\/person\/457531cb41fc01c1b6676c978e0dda6a"},"potentialAction":[{"@type":"SearchAction","target":{"@type":"EntryPoint","urlTemplate":"https:\/\/ferrersenabre.com\/isabel\/?s={search_term_string}"},"query-input":{"@type":"PropertyValueSpecification","valueRequired":true,"valueName":"search_term_string"}}],"inLanguage":"ca"},{"@type":["Person","Organization"],"@id":"https:\/\/ferrersenabre.com\/isabel\/#\/schema\/person\/457531cb41fc01c1b6676c978e0dda6a","name":"isabel","image":{"@type":"ImageObject","inLanguage":"ca","@id":"https:\/\/secure.gravatar.com\/avatar\/36088a98412757fa80f5ec755699904dc651bf39967c68e42d1c3a10675ae5ca?s=96&d=mm&r=g","url":"https:\/\/secure.gravatar.com\/avatar\/36088a98412757fa80f5ec755699904dc651bf39967c68e42d1c3a10675ae5ca?s=96&d=mm&r=g","contentUrl":"https:\/\/secure.gravatar.com\/avatar\/36088a98412757fa80f5ec755699904dc651bf39967c68e42d1c3a10675ae5ca?s=96&d=mm&r=g","caption":"isabel"},"logo":{"@id":"https:\/\/secure.gravatar.com\/avatar\/36088a98412757fa80f5ec755699904dc651bf39967c68e42d1c3a10675ae5ca?s=96&d=mm&r=g"}}]}},"jetpack_sharing_enabled":true,"jetpack_shortlink":"https:\/\/wp.me\/P7sWWM-60","_links":{"self":[{"href":"https:\/\/ferrersenabre.com\/isabel\/wp-json\/wp\/v2\/pages\/372","targetHints":{"allow":["GET"]}}],"collection":[{"href":"https:\/\/ferrersenabre.com\/isabel\/wp-json\/wp\/v2\/pages"}],"about":[{"href":"https:\/\/ferrersenabre.com\/isabel\/wp-json\/wp\/v2\/types\/page"}],"author":[{"embeddable":true,"href":"https:\/\/ferrersenabre.com\/isabel\/wp-json\/wp\/v2\/users\/1"}],"replies":[{"embeddable":true,"href":"https:\/\/ferrersenabre.com\/isabel\/wp-json\/wp\/v2\/comments?post=372"}],"version-history":[{"count":8,"href":"https:\/\/ferrersenabre.com\/isabel\/wp-json\/wp\/v2\/pages\/372\/revisions"}],"predecessor-version":[{"id":1355,"href":"https:\/\/ferrersenabre.com\/isabel\/wp-json\/wp\/v2\/pages\/372\/revisions\/1355"}],"wp:attachment":[{"href":"https:\/\/ferrersenabre.com\/isabel\/wp-json\/wp\/v2\/media?parent=372"}],"curies":[{"name":"wp","href":"https:\/\/api.w.org\/{rel}","templated":true}]}}

<p>Si teniu cap suggeriment, proposta, dubte o comentari, podeu escriure&#8217;m per correu electrònic: <strong>isabel@ferrersenabre.com</strong></p>



<p></p>



<p>També em trobareu a les xarxes socials: <a href="https://twitter.com/Isferrer">Twitter</a>, <a href="https://www.instagram.com/isferrer/">Instagram </a>i <a href="https://www.facebook.com/isabel.ferrersenabre">Facebook</a>.</p>



<p></p>

<p>Si teniu cap suggeriment, proposta, dubte o comentari, podeu escriure&#8217;m per correu electrònic: isabel@ferrersenabre.com També em trobareu a les xarxes &hellip; <a class="more-link" href="https://ferrersenabre.com/isabel/contacte/">Més</a></p>

<!-- This site is optimized with the Yoast SEO plugin v27.5 - https://yoast.com/product/yoast-seo-wordpress/ -->
<title>Contacte - Isabel Ferrer Senabre</title>
<meta name="robots" content="index, follow, max-snippet:-1, max-image-preview:large, max-video-preview:-1" />
<link rel="canonical" href="https://ferrersenabre.com/isabel/contacte/" />
<meta property="og:locale" content="ca_ES" />
<meta property="og:type" content="article" />
<meta property="og:title" content="Contacte - Isabel Ferrer Senabre" />
<meta property="og:description" content="Si teniu cap suggeriment, proposta, dubte o comentari, podeu escriure&#8217;m per correu electrònic: isabel@ferrersenabre.com També em trobareu a les xarxes &hellip; Més" />
<meta property="og:url" content="https://ferrersenabre.com/isabel/contacte/" />
<meta property="og:site_name" content="Isabel Ferrer Senabre" />
<meta property="article:modified_time" content="2021-10-20T07:17:40+00:00" />
<meta name="twitter:card" content="summary_large_image" />
<meta name="twitter:label1" content="Temps estimat de lectura" />
	<meta name="twitter:data1" content="1 minut" />
<script type="application/ld+json" class="yoast-schema-graph">{"@context":"https:\/\/schema.org","@graph":[{"@type":"WebPage","@id":"https:\/\/ferrersenabre.com\/isabel\/contacte\/","url":"https:\/\/ferrersenabre.com\/isabel\/contacte\/","name":"Contacte - Isabel Ferrer Senabre","isPartOf":{"@id":"https:\/\/ferrersenabre.com\/isabel\/#website"},"datePublished":"2019-12-06T18:50:32+00:00","dateModified":"2021-10-20T07:17:40+00:00","breadcrumb":{"@id":"https:\/\/ferrersenabre.com\/isabel\/contacte\/#breadcrumb"},"inLanguage":"ca","potentialAction":[{"@type":"ReadAction","target":["https:\/\/ferrersenabre.com\/isabel\/contacte\/"]}]},{"@type":"BreadcrumbList","@id":"https:\/\/ferrersenabre.com\/isabel\/contacte\/#breadcrumb","itemListElement":[{"@type":"ListItem","position":1,"name":"Inici","item":"https:\/\/ferrersenabre.com\/isabel\/"},{"@type":"ListItem","position":2,"name":"Contacte"}]},{"@type":"WebSite","@id":"https:\/\/ferrersenabre.com\/isabel\/#website","url":"https:\/\/ferrersenabre.com\/isabel\/","name":"Isabel Ferrer Senabre","description":"Musicòloga","publisher":{"@id":"https:\/\/ferrersenabre.com\/isabel\/#\/schema\/person\/457531cb41fc01c1b6676c978e0dda6a"},"potentialAction":[{"@type":"SearchAction","target":{"@type":"EntryPoint","urlTemplate":"https:\/\/ferrersenabre.com\/isabel\/?s={search_term_string}"},"query-input":{"@type":"PropertyValueSpecification","valueRequired":true,"valueName":"search_term_string"}}],"inLanguage":"ca"},{"@type":["Person","Organization"],"@id":"https:\/\/ferrersenabre.com\/isabel\/#\/schema\/person\/457531cb41fc01c1b6676c978e0dda6a","name":"isabel","image":{"@type":"ImageObject","inLanguage":"ca","@id":"https:\/\/secure.gravatar.com\/avatar\/36088a98412757fa80f5ec755699904dc651bf39967c68e42d1c3a10675ae5ca?s=96&d=mm&r=g","url":"https:\/\/secure.gravatar.com\/avatar\/36088a98412757fa80f5ec755699904dc651bf39967c68e42d1c3a10675ae5ca?s=96&d=mm&r=g","contentUrl":"https:\/\/secure.gravatar.com\/avatar\/36088a98412757fa80f5ec755699904dc651bf39967c68e42d1c3a10675ae5ca?s=96&d=mm&r=g","caption":"isabel"},"logo":{"@id":"https:\/\/secure.gravatar.com\/avatar\/36088a98412757fa80f5ec755699904dc651bf39967c68e42d1c3a10675ae5ca?s=96&d=mm&r=g"}}]}</script>
<!-- / Yoast SEO plugin. -->

Si teniu cap suggeriment, proposta, dubte o comentari, podeu escriure&#8217;m per correu electrònic: isabel@ferrersenabre.com També em trobareu a les xarxes &hellip; Més

Musicòloga
