{"id":72,"date":"2016-05-20T21:43:39","date_gmt":"2016-05-20T19:43:39","guid":{"rendered":"http:\/\/ferrersenabre.com\/isabel\/?page_id=72"},"modified":"2017-03-21T13:57:23","modified_gmt":"2017-03-21T12:57:23","slug":"folklorismo-y-memoria-generacional-narrativas-de-las-realidades-musicales-del-primer-franquismo","status":"publish","type":"page","link":"https:\/\/ferrersenabre.com\/isabel\/folklorismo-y-memoria-generacional-narrativas-de-las-realidades-musicales-del-primer-franquismo\/","title":{"rendered":"Folklorismo y memoria generacional: narrativas de las realidades musicales del primer franquismo"},"content":{"rendered":"<p>&nbsp;<\/p>\n<p><span style=\"color: #808080;\"><strong><a style=\"color: #808080;\" href=\"https:\/\/www.academia.edu\/2203165\/Folklorismo_y_memoria_generacional_narrativas_de_las_realidades_musicales_del_primer_franquismo\">\u21d2\u00a0Descarrega&#8217;l<\/a><\/strong><\/span><\/p>\n<p><span style=\"color: #808080;\"><strong><a style=\"color: #808080;\" href=\"http:\/\/www.edi-colibri.pt\/Detalhes.aspx?ItemID=1678\">\u21d2\u00a0Compra&#8217;l<\/a><\/strong><\/span><\/p>\n<p><strong>\u21d2 Resum<\/strong><\/p>\n<p>Actualmente, el auge de los estudios alrededor del franquismo ha propiciado una revalorizaci\u00f3n de la memoria oral como fuente de conocimiento (Molinero 2007). Una de las formas de comprender las din\u00e1micas de la memoria es aquella que la concibe como un proceso temporal narrativo (Ricoeur 2000) de \u201cpr\u00e1cticas ling\u00fc\u00edsticas y no ling\u00fc\u00edsticas que implican y confieren sentido en un campo de fuerzas caracterizado por el juego de relaciones de poder\u201d (Vila 1996), que acontece bajo las circunstancias sociohist\u00f3ricas del presente y en donde el sujeto proyecta sus objetivos de presente y futuro, generando as\u00ed una reordenaci\u00f3n de la construcci\u00f3n social (Cruz 2000).<\/p>\n<p>Si bien la memoria del r\u00e9gimen franquista de tipo hist\u00f3rico nos narra unas duras circunstancias vitales, aquella que hace referencia a la m\u00fasica se dulcifica hasta el punto de mostrarnos una realidad fragmentada. M\u00e1s all\u00e1 de lo que se ha denominado \u201cmemoria sentimental\u201d, nuestra hip\u00f3tesis maneja que los factores que m\u00e1s han colaborado en crear esta distorsi\u00f3n son el tradicionalismo, la folklorizaci\u00f3n y el folklorismo, entendido como la din\u00e1mica que detecta un elemento cultural del pasado susceptible de ser aprovechado est\u00e9tica, comercial e ideol\u00f3gicamente en el presente (Mart\u00ed 1996). As\u00ed, si bien estos fen\u00f3menos se han caracterizado por su car\u00e1cter ex\u00f3geno, su peso sobre la construcci\u00f3n social del presente termina insiri\u00e9ndolos en el relato memor\u00edstico testimonial que modula el discurso sobre los eventos musicales acontecidos.<\/p>\n<p>En nuestra comunicaci\u00f3n se examinar\u00e1 como el tradicionalismo, la folklorizaci\u00f3n y folklorismo han afectado a los discursos actuales alrededor de las manifestaciones musicales de la \u00e9poca franquista a partir de algunos testimonios de la comarca de l\u2019Horta (Val\u00e8ncia).<\/p>\n<p>CRUZ, Manuel (2000) \u201cTiempo de narratividad (el sujeto, entre la memoria y el proyecto)\u201d <em>An\u00e0lisi <\/em>25, 23-40.<\/p>\n<p>MART\u00cd, Josep (1996) <em>Folklorismo. Uso y abuso de la tradici\u00f3n<\/em>. Barcelona: Ronsel.<\/p>\n<p>MOLINERO, Carme ([2005] 2007) \u201cPresent i futur de la historiografia sobre el r\u00e8gim franquista. Balan\u00e7 sobre l\u00ednies d\u2019investigaci\u00f3 i els seus resultats\u201d a FONT AGULL\u00d3, Jordi (dir.) (2007) <em>Hist\u00f2ria i<\/em> <em>mem\u00f2ria: el franquisme i els seus efectes als Pa\u00efsos Catalans<\/em>. Val\u00e8ncia: Publicacions de la Universitat de Val\u00e8ncia, p. 285-302.<\/p>\n<p>RICOEUR, Paul ([1997] 2000) \u201cNarratividad, fenomenolog\u00eda y hermen\u00e9utica\u201d <em>An\u00e0lisi 25<\/em>, p. 189-207.<\/p>\n<p>VILA, Pablo (1996) \u201cIdentidades narrativas y m\u00fasica. Una primera propuesta para entender sus relaciones\u201d. <em>Revista Transcultural de M\u00fasica<\/em>, 2.<\/p>\n<p style=\"padding-left: 30px;\">\n<hr \/>\n<p style=\"text-align: center;\">Els continguts d\u2019aquests materials estan sota una llic\u00e8ncia<span class=\"apple-converted-space\">\u00a0<\/span><a href=\"http:\/\/creativecommons.org\/licenses\/by-nc-nd\/2.5\/es\/deed.es\"><strong>Creative Commons<\/strong><\/a>.<span lang=\"EN-GB\">Consulta-la abans\u00a0d\u2019emprar-los.<\/span><\/p>\n<p style=\"text-align: center;\">Los contenidos de estos materiales est\u00e1n bajo una licencia<span class=\"apple-converted-space\">\u00a0<\/span><a href=\"http:\/\/creativecommons.org\/licenses\/by-nc-nd\/2.5\/es\/deed.es\"><strong>Creative Commons<\/strong><\/a>.<span lang=\"EN-GB\">Cons\u00faltela antes de usarlos.<\/span><\/p>\n<p style=\"text-align: center;\"><span lang=\"EN-GB\">The contents of these materials are under a licence <\/span><a href=\"http:\/\/creativecommons.org\/licenses\/by-nc-nd\/2.5\/es\/deed.en_GB\"><b><span lang=\"EN-GB\">Creative Commons<\/span><\/b><\/a><span lang=\"EN-GB\">. Check it before use.<\/span><\/p>\n<p style=\"text-align: center;\">Isabel Ferrer Senabre 2016<\/p>\n<p><a href=\"http:\/\/i0.wp.com\/2.bp.blogspot.com\/-2hJJZSbkNU8\/Uzf4kBQVWyI\/AAAAAAAABKc\/2544FwQt44k\/s1600\/CC.jpg\"><img loading=\"lazy\" decoding=\"async\" class=\"aligncenter\" src=\"http:\/\/i0.wp.com\/2.bp.blogspot.com\/-2hJJZSbkNU8\/Uzf4kBQVWyI\/AAAAAAAABKc\/2544FwQt44k\/s1600\/CC.jpg?w=880&amp;ssl=1\" width=\"88\" height=\"31\" border=\"0\" \/><\/a><\/p>\n","protected":false},"excerpt":{"rendered":"<p>&nbsp; \u21d2\u00a0Descarrega&#8217;l \u21d2\u00a0Compra&#8217;l \u21d2 Resum Actualmente, el auge de los estudios alrededor del franquismo ha propiciado una revalorizaci\u00f3n de la &hellip; <a class=\"more-link\" href=\"https:\/\/ferrersenabre.com\/isabel\/folklorismo-y-memoria-generacional-narrativas-de-las-realidades-musicales-del-primer-franquismo\/\">M\u00e9s<\/a><\/p>\n","protected":false},"author":1,"featured_media":0,"parent":0,"menu_order":0,"comment_status":"closed","ping_status":"closed","template":"","meta":{"jetpack_post_was_ever_published":false,"footnotes":""},"class_list":["post-72","page","type-page","status-publish","hentry",""],"yoast_head":"<!-- This site is optimized with the Yoast SEO plugin v27.3 - https:\/\/yoast.com\/product\/yoast-seo-wordpress\/ -->\n<title>Folklorismo y memoria generacional: narrativas de las realidades musicales del primer franquismo - Isabel Ferrer Senabre<\/title>\n<meta name=\"robots\" content=\"index, follow, max-snippet:-1, max-image-preview:large, max-video-preview:-1\" \/>\n<link rel=\"canonical\" href=\"https:\/\/ferrersenabre.com\/isabel\/folklorismo-y-memoria-generacional-narrativas-de-las-realidades-musicales-del-primer-franquismo\/\" \/>\n<meta property=\"og:locale\" content=\"ca_ES\" \/>\n<meta property=\"og:type\" content=\"article\" \/>\n<meta property=\"og:title\" content=\"Folklorismo y memoria generacional: narrativas de las realidades musicales del primer franquismo - Isabel Ferrer Senabre\" \/>\n<meta property=\"og:description\" content=\"&nbsp; \u21d2\u00a0Descarrega&#8217;l \u21d2\u00a0Compra&#8217;l \u21d2 Resum Actualmente, el auge de los estudios alrededor del franquismo ha propiciado una revalorizaci\u00f3n de la &hellip; M\u00e9s\" \/>\n<meta property=\"og:url\" content=\"https:\/\/ferrersenabre.com\/isabel\/folklorismo-y-memoria-generacional-narrativas-de-las-realidades-musicales-del-primer-franquismo\/\" \/>\n<meta property=\"og:site_name\" content=\"Isabel Ferrer Senabre\" \/>\n<meta property=\"article:modified_time\" content=\"2017-03-21T12:57:23+00:00\" \/>\n<meta property=\"og:image\" content=\"http:\/\/i0.wp.com\/2.bp.blogspot.com\/-2hJJZSbkNU8\/Uzf4kBQVWyI\/AAAAAAAABKc\/2544FwQt44k\/s1600\/CC.jpg?w=880&amp;ssl=1\" \/>\n<meta name=\"twitter:card\" content=\"summary_large_image\" \/>\n<meta name=\"twitter:label1\" content=\"Temps estimat de lectura\" \/>\n\t<meta name=\"twitter:data1\" content=\"2 minuts\" \/>\n<script type=\"application\/ld+json\" class=\"yoast-schema-graph\">{\"@context\":\"https:\\\/\\\/schema.org\",\"@graph\":[{\"@type\":\"WebPage\",\"@id\":\"https:\\\/\\\/ferrersenabre.com\\\/isabel\\\/folklorismo-y-memoria-generacional-narrativas-de-las-realidades-musicales-del-primer-franquismo\\\/\",\"url\":\"https:\\\/\\\/ferrersenabre.com\\\/isabel\\\/folklorismo-y-memoria-generacional-narrativas-de-las-realidades-musicales-del-primer-franquismo\\\/\",\"name\":\"Folklorismo y memoria generacional: narrativas de las realidades musicales del primer franquismo - Isabel Ferrer Senabre\",\"isPartOf\":{\"@id\":\"https:\\\/\\\/ferrersenabre.com\\\/isabel\\\/#website\"},\"primaryImageOfPage\":{\"@id\":\"https:\\\/\\\/ferrersenabre.com\\\/isabel\\\/folklorismo-y-memoria-generacional-narrativas-de-las-realidades-musicales-del-primer-franquismo\\\/#primaryimage\"},\"image\":{\"@id\":\"https:\\\/\\\/ferrersenabre.com\\\/isabel\\\/folklorismo-y-memoria-generacional-narrativas-de-las-realidades-musicales-del-primer-franquismo\\\/#primaryimage\"},\"thumbnailUrl\":\"http:\\\/\\\/i0.wp.com\\\/2.bp.blogspot.com\\\/-2hJJZSbkNU8\\\/Uzf4kBQVWyI\\\/AAAAAAAABKc\\\/2544FwQt44k\\\/s1600\\\/CC.jpg?w=880&amp;ssl=1\",\"datePublished\":\"2016-05-20T19:43:39+00:00\",\"dateModified\":\"2017-03-21T12:57:23+00:00\",\"breadcrumb\":{\"@id\":\"https:\\\/\\\/ferrersenabre.com\\\/isabel\\\/folklorismo-y-memoria-generacional-narrativas-de-las-realidades-musicales-del-primer-franquismo\\\/#breadcrumb\"},\"inLanguage\":\"ca\",\"potentialAction\":[{\"@type\":\"ReadAction\",\"target\":[\"https:\\\/\\\/ferrersenabre.com\\\/isabel\\\/folklorismo-y-memoria-generacional-narrativas-de-las-realidades-musicales-del-primer-franquismo\\\/\"]}]},{\"@type\":\"ImageObject\",\"inLanguage\":\"ca\",\"@id\":\"https:\\\/\\\/ferrersenabre.com\\\/isabel\\\/folklorismo-y-memoria-generacional-narrativas-de-las-realidades-musicales-del-primer-franquismo\\\/#primaryimage\",\"url\":\"http:\\\/\\\/i0.wp.com\\\/2.bp.blogspot.com\\\/-2hJJZSbkNU8\\\/Uzf4kBQVWyI\\\/AAAAAAAABKc\\\/2544FwQt44k\\\/s1600\\\/CC.jpg?w=880&amp;ssl=1\",\"contentUrl\":\"http:\\\/\\\/i0.wp.com\\\/2.bp.blogspot.com\\\/-2hJJZSbkNU8\\\/Uzf4kBQVWyI\\\/AAAAAAAABKc\\\/2544FwQt44k\\\/s1600\\\/CC.jpg?w=880&amp;ssl=1\"},{\"@type\":\"BreadcrumbList\",\"@id\":\"https:\\\/\\\/ferrersenabre.com\\\/isabel\\\/folklorismo-y-memoria-generacional-narrativas-de-las-realidades-musicales-del-primer-franquismo\\\/#breadcrumb\",\"itemListElement\":[{\"@type\":\"ListItem\",\"position\":1,\"name\":\"Inici\",\"item\":\"https:\\\/\\\/ferrersenabre.com\\\/isabel\\\/\"},{\"@type\":\"ListItem\",\"position\":2,\"name\":\"Folklorismo y memoria generacional: narrativas de las realidades musicales del primer franquismo\"}]},{\"@type\":\"WebSite\",\"@id\":\"https:\\\/\\\/ferrersenabre.com\\\/isabel\\\/#website\",\"url\":\"https:\\\/\\\/ferrersenabre.com\\\/isabel\\\/\",\"name\":\"Isabel Ferrer Senabre\",\"description\":\"Music\u00f2loga\",\"publisher\":{\"@id\":\"https:\\\/\\\/ferrersenabre.com\\\/isabel\\\/#\\\/schema\\\/person\\\/457531cb41fc01c1b6676c978e0dda6a\"},\"potentialAction\":[{\"@type\":\"SearchAction\",\"target\":{\"@type\":\"EntryPoint\",\"urlTemplate\":\"https:\\\/\\\/ferrersenabre.com\\\/isabel\\\/?s={search_term_string}\"},\"query-input\":{\"@type\":\"PropertyValueSpecification\",\"valueRequired\":true,\"valueName\":\"search_term_string\"}}],\"inLanguage\":\"ca\"},{\"@type\":[\"Person\",\"Organization\"],\"@id\":\"https:\\\/\\\/ferrersenabre.com\\\/isabel\\\/#\\\/schema\\\/person\\\/457531cb41fc01c1b6676c978e0dda6a\",\"name\":\"isabel\",\"image\":{\"@type\":\"ImageObject\",\"inLanguage\":\"ca\",\"@id\":\"https:\\\/\\\/secure.gravatar.com\\\/avatar\\\/36088a98412757fa80f5ec755699904dc651bf39967c68e42d1c3a10675ae5ca?s=96&d=mm&r=g\",\"url\":\"https:\\\/\\\/secure.gravatar.com\\\/avatar\\\/36088a98412757fa80f5ec755699904dc651bf39967c68e42d1c3a10675ae5ca?s=96&d=mm&r=g\",\"contentUrl\":\"https:\\\/\\\/secure.gravatar.com\\\/avatar\\\/36088a98412757fa80f5ec755699904dc651bf39967c68e42d1c3a10675ae5ca?s=96&d=mm&r=g\",\"caption\":\"isabel\"},\"logo\":{\"@id\":\"https:\\\/\\\/secure.gravatar.com\\\/avatar\\\/36088a98412757fa80f5ec755699904dc651bf39967c68e42d1c3a10675ae5ca?s=96&d=mm&r=g\"}}]}<\/script>\n<!-- \/ Yoast SEO plugin. -->","yoast_head_json":{"title":"Folklorismo y memoria generacional: narrativas de las realidades musicales del primer franquismo - Isabel Ferrer Senabre","robots":{"index":"index","follow":"follow","max-snippet":"max-snippet:-1","max-image-preview":"max-image-preview:large","max-video-preview":"max-video-preview:-1"},"canonical":"https:\/\/ferrersenabre.com\/isabel\/folklorismo-y-memoria-generacional-narrativas-de-las-realidades-musicales-del-primer-franquismo\/","og_locale":"ca_ES","og_type":"article","og_title":"Folklorismo y memoria generacional: narrativas de las realidades musicales del primer franquismo - Isabel Ferrer Senabre","og_description":"&nbsp; \u21d2\u00a0Descarrega&#8217;l \u21d2\u00a0Compra&#8217;l \u21d2 Resum Actualmente, el auge de los estudios alrededor del franquismo ha propiciado una revalorizaci\u00f3n de la &hellip; M\u00e9s","og_url":"https:\/\/ferrersenabre.com\/isabel\/folklorismo-y-memoria-generacional-narrativas-de-las-realidades-musicales-del-primer-franquismo\/","og_site_name":"Isabel Ferrer Senabre","article_modified_time":"2017-03-21T12:57:23+00:00","og_image":[{"url":"http:\/\/i0.wp.com\/2.bp.blogspot.com\/-2hJJZSbkNU8\/Uzf4kBQVWyI\/AAAAAAAABKc\/2544FwQt44k\/s1600\/CC.jpg?w=880&amp;ssl=1","type":"","width":"","height":""}],"twitter_card":"summary_large_image","twitter_misc":{"Temps estimat de lectura":"2 minuts"},"schema":{"@context":"https:\/\/schema.org","@graph":[{"@type":"WebPage","@id":"https:\/\/ferrersenabre.com\/isabel\/folklorismo-y-memoria-generacional-narrativas-de-las-realidades-musicales-del-primer-franquismo\/","url":"https:\/\/ferrersenabre.com\/isabel\/folklorismo-y-memoria-generacional-narrativas-de-las-realidades-musicales-del-primer-franquismo\/","name":"Folklorismo y memoria generacional: narrativas de las realidades musicales del primer franquismo - Isabel Ferrer Senabre","isPartOf":{"@id":"https:\/\/ferrersenabre.com\/isabel\/#website"},"primaryImageOfPage":{"@id":"https:\/\/ferrersenabre.com\/isabel\/folklorismo-y-memoria-generacional-narrativas-de-las-realidades-musicales-del-primer-franquismo\/#primaryimage"},"image":{"@id":"https:\/\/ferrersenabre.com\/isabel\/folklorismo-y-memoria-generacional-narrativas-de-las-realidades-musicales-del-primer-franquismo\/#primaryimage"},"thumbnailUrl":"http:\/\/i0.wp.com\/2.bp.blogspot.com\/-2hJJZSbkNU8\/Uzf4kBQVWyI\/AAAAAAAABKc\/2544FwQt44k\/s1600\/CC.jpg?w=880&amp;ssl=1","datePublished":"2016-05-20T19:43:39+00:00","dateModified":"2017-03-21T12:57:23+00:00","breadcrumb":{"@id":"https:\/\/ferrersenabre.com\/isabel\/folklorismo-y-memoria-generacional-narrativas-de-las-realidades-musicales-del-primer-franquismo\/#breadcrumb"},"inLanguage":"ca","potentialAction":[{"@type":"ReadAction","target":["https:\/\/ferrersenabre.com\/isabel\/folklorismo-y-memoria-generacional-narrativas-de-las-realidades-musicales-del-primer-franquismo\/"]}]},{"@type":"ImageObject","inLanguage":"ca","@id":"https:\/\/ferrersenabre.com\/isabel\/folklorismo-y-memoria-generacional-narrativas-de-las-realidades-musicales-del-primer-franquismo\/#primaryimage","url":"http:\/\/i0.wp.com\/2.bp.blogspot.com\/-2hJJZSbkNU8\/Uzf4kBQVWyI\/AAAAAAAABKc\/2544FwQt44k\/s1600\/CC.jpg?w=880&amp;ssl=1","contentUrl":"http:\/\/i0.wp.com\/2.bp.blogspot.com\/-2hJJZSbkNU8\/Uzf4kBQVWyI\/AAAAAAAABKc\/2544FwQt44k\/s1600\/CC.jpg?w=880&amp;ssl=1"},{"@type":"BreadcrumbList","@id":"https:\/\/ferrersenabre.com\/isabel\/folklorismo-y-memoria-generacional-narrativas-de-las-realidades-musicales-del-primer-franquismo\/#breadcrumb","itemListElement":[{"@type":"ListItem","position":1,"name":"Inici","item":"https:\/\/ferrersenabre.com\/isabel\/"},{"@type":"ListItem","position":2,"name":"Folklorismo y memoria generacional: narrativas de las realidades musicales del primer franquismo"}]},{"@type":"WebSite","@id":"https:\/\/ferrersenabre.com\/isabel\/#website","url":"https:\/\/ferrersenabre.com\/isabel\/","name":"Isabel Ferrer Senabre","description":"Music\u00f2loga","publisher":{"@id":"https:\/\/ferrersenabre.com\/isabel\/#\/schema\/person\/457531cb41fc01c1b6676c978e0dda6a"},"potentialAction":[{"@type":"SearchAction","target":{"@type":"EntryPoint","urlTemplate":"https:\/\/ferrersenabre.com\/isabel\/?s={search_term_string}"},"query-input":{"@type":"PropertyValueSpecification","valueRequired":true,"valueName":"search_term_string"}}],"inLanguage":"ca"},{"@type":["Person","Organization"],"@id":"https:\/\/ferrersenabre.com\/isabel\/#\/schema\/person\/457531cb41fc01c1b6676c978e0dda6a","name":"isabel","image":{"@type":"ImageObject","inLanguage":"ca","@id":"https:\/\/secure.gravatar.com\/avatar\/36088a98412757fa80f5ec755699904dc651bf39967c68e42d1c3a10675ae5ca?s=96&d=mm&r=g","url":"https:\/\/secure.gravatar.com\/avatar\/36088a98412757fa80f5ec755699904dc651bf39967c68e42d1c3a10675ae5ca?s=96&d=mm&r=g","contentUrl":"https:\/\/secure.gravatar.com\/avatar\/36088a98412757fa80f5ec755699904dc651bf39967c68e42d1c3a10675ae5ca?s=96&d=mm&r=g","caption":"isabel"},"logo":{"@id":"https:\/\/secure.gravatar.com\/avatar\/36088a98412757fa80f5ec755699904dc651bf39967c68e42d1c3a10675ae5ca?s=96&d=mm&r=g"}}]}},"jetpack_sharing_enabled":true,"jetpack_shortlink":"https:\/\/wp.me\/P7sWWM-1a","_links":{"self":[{"href":"https:\/\/ferrersenabre.com\/isabel\/wp-json\/wp\/v2\/pages\/72","targetHints":{"allow":["GET"]}}],"collection":[{"href":"https:\/\/ferrersenabre.com\/isabel\/wp-json\/wp\/v2\/pages"}],"about":[{"href":"https:\/\/ferrersenabre.com\/isabel\/wp-json\/wp\/v2\/types\/page"}],"author":[{"embeddable":true,"href":"https:\/\/ferrersenabre.com\/isabel\/wp-json\/wp\/v2\/users\/1"}],"replies":[{"embeddable":true,"href":"https:\/\/ferrersenabre.com\/isabel\/wp-json\/wp\/v2\/comments?post=72"}],"version-history":[{"count":5,"href":"https:\/\/ferrersenabre.com\/isabel\/wp-json\/wp\/v2\/pages\/72\/revisions"}],"predecessor-version":[{"id":139,"href":"https:\/\/ferrersenabre.com\/isabel\/wp-json\/wp\/v2\/pages\/72\/revisions\/139"}],"wp:attachment":[{"href":"https:\/\/ferrersenabre.com\/isabel\/wp-json\/wp\/v2\/media?parent=72"}],"curies":[{"name":"wp","href":"https:\/\/api.w.org\/{rel}","templated":true}]}}